4 = 0, -t + p + 211 - 29 = 0. Suppose 0*o + 2*o - t = -2*u, 4 = -4*o. List the prime factors of u.
2, 47
Let k = 393 - -161. What are the prime factors of k?
2, 277
Let q(a) be the first derivative of -a**4/4 + 2*a**3 + a**2/2 - 6*a + 1. Let j be q(7). What are the prime factors of 11/6 - 8/j?
2
Let f(w) = w**3 + 5*w**2 - 7*w + 1. Suppose 0*q - 9 = -3*q. Suppose -39 = 5*i - 3*n, 2*i - n + q*n + 6 = 0. What are the prime factors of f(i)?
7
Suppose k + 78 = 4*k. Let a be (-2)/(-13) - (-22)/k. What are the prime factors of 17 + 3 - 3/a?
17
Let b = 602 - -90. What are the prime factors of b?
2, 173
Let s(v) = -3*v**2 - 14*v - 7. Let g(i) = -4*i**2 - 15*i - 8. Let y(t) = -2*g(t) + 3*s(t). What are the prime factors of y(-7)?
2, 3, 5
Let h be 15/3*(-7 - -5). List the prime factors of (h - 3)/(7/(-14)).
2, 13
Suppose -461 - 214 = 5*l. Let h = l - -225. List the prime factors of h.
2, 3, 5
Let w be 12/15*15/6. Suppose -3*p = -w*p - 24. What are the prime factors of p?
2, 3
Let g(r) = r**3 + 4*r**2 + 4*r + 3. Let u be g(-3). Let j(x) = -x**2 - 20*x - 25. Let o be j(-17). Let y = o - u. What are the prime factors of y?
2, 13
Let x(a) = -a**2 - a + 1. Let j(p) = 2*p**2 + 16*p + 5. Let w(f) = -j(f) - 6*x(f). What are the prime factors of w(-7)?
3, 5, 17
Suppose 0 - 2 = -h. Suppose 2*x = -h*x + 152. List the prime factors of x.
2, 19
Let l(i) = -i**3 - 35*i**2 + 55*i + 32. List the prime factors of l(-37).
3, 5, 7
Let r(l) = 2*l**2. Let p be r(-1). Let w = 5 - p. Suppose -33 = -w*z + 3. What are the prime factors of z?
2, 3
Let o be 0/(3 + (-8 - -4)). Suppose o = -13*r + 9*r + 160. What are the prime factors of r?
2, 5
Suppose 2*h - v = 289 + 237, 2*h + 5*v = 538. List the prime factors of h.
2, 3, 11
Suppose -21*c + 4*c = -7038. List the prime factors of c.
2, 3, 23
Suppose 22*i + 9450 - 39612 = 0. List the prime factors of i.
3, 457
Let t(r) = -2*r**2 - 6*r - 7. Let q be t(-3). Let l = q + 7. Suppose 0 = 2*n - l*n, s - 2*n = 51. List the prime factors of s.
3, 17
Let s = -435 + 629. Suppose -46 = -4*j + s. Suppose 8*q - 13*q + j = 0. What are the prime factors of q?
2, 3
Suppose 333 = 2*v + 5*h, -4*h + 126 - 614 = -3*v. Let c = 325 - v. What are the prime factors of c?
7, 23
Suppose -a + 18 = -z - 2*z, 0 = -3*z - 15. Suppose 6 = -a*t + 5*t. Suppose t*c + 0 - 56 = -w, -3*c = 2*w - 103. What are the prime factors of w?
47
Let o(q) = -q**3 + 9*q**2 - 11*q + 14. Suppose -4*u + 2*k = -14, 3*u + 4*k - 21 = 17. What are the prime factors of o(u)?
2, 7
Let o(m) = -93*m + 6. Let g be o(-8). What are the prime factors of ((-4)/(-6))/(20/g)?
5
Let d = 852 + -233. List the prime factors of d.
619
Let a(k) = -185*k - 8. Let y be a(-2). Suppose 3*u - 48 - y = 5*t, -634 = -5*u - 4*t. What are the prime factors of u?
2, 5, 13
Suppose 5*i + 84 = -4*c - 0*c, 24 = -i + c. Let q = i - -95. List the prime factors of q.
3, 5
Let j be (-4)/(-5)*(1020/8)/3. Suppose 83 = a - j. What are the prime factors of a?
3, 13
Suppose -4*n - 3*s + 4159 = 1052, 25 = 5*s. What are the prime factors of n?
773
Suppose -2*z = s - 93 + 13, -5*s = -5*z - 385. What are the prime factors of s?
2, 3, 13
Let s = 270 - 124. Suppose s + 134 = 4*v. List the prime factors of v.
2, 5, 7
Suppose 2*t = -0*t + 18. Let f be t/(-4)*(-16)/12. Suppose -4*z - 6 = -2*j, f*j - 15 - 9 = 3*z. What are the prime factors of j?
13
Suppose 4*u + 140 = -u. Let c = u + 74. What are the prime factors of c?
2, 23
Suppose 2*l - f - 1160 = 0, -4*f - 1745 = -9*l + 6*l. List the prime factors of l.
3, 193
Suppose 4*s + 3*s = 42. Suppose -2*y + 4*i = -4*y - 12, 0 = 4*y - 2*i - s. What are the prime factors of (y - -28)*(-1)/(-2)?
2, 7
Let o = 70 + -66. Suppose 9*s - o*x - 160 = 8*s, 429 = 3*s + 5*x. What are the prime factors of s?
2, 37
Let m(s) = 46*s**2 - 6*s + 11. Let k be m(4). Suppose 6*r + 743 = 4*n + 5*r, 4*n - 5*r - k = 0. What are the prime factors of n?
11, 17
Let y(o) = 3*o + 1. Let z be y(-5). Let k be 2/7 - 38/z. Suppose 0 = -h + 15 + k. What are the prime factors of h?
2, 3
Suppose 0 = 4*v + g - 5355, 0 = v - 15*g + 14*g - 1345. List the prime factors of v.
2, 5, 67
Suppose -18*t + 3773 = 1379. List the prime factors of t.
7, 19
Let h(l) = 6*l - 5. Let m(s) = 6*s - 4. Let i(v) = -2*h(v) + 3*m(v). What are the prime factors of i(3)?
2
Let c(q) = q**2 - 9*q + 9. Let s be c(8). Suppose 3*v = -s + 325. What are the prime factors of v?
2, 3
Let o be (12/10)/(9/30). Suppose -o*v - 188 = 5*l, -3*l + 2*l + 3*v - 49 = 0. Let s = l - -74. What are the prime factors of s?
2, 17
Let m be 3*(-1 + (-175)/(-15)). What are the prime factors of (-4824)/(-21) - (m/(-14) + 2)?
2, 5, 23
Let v be (-1 - 4) + (205 - -2). Suppose -3*h + 57 + 246 = 5*n, 2*h - v = -4*n. What are the prime factors of h?
101
Let z be (40/(-6) - -5)/(1/(-3)). Suppose -3 = z*p - 18. List the prime factors of p.
3
Let u be 108/(-14) - 4/14. Let i be ((-16)/48)/((-1)/30). Let p = u + i. What are the prime factors of p?
2
Suppose -3*u + 518 = 2*c, -c - 3*u = -176 - 80. What are the prime factors of c?
2, 131
Let g(i) = 16*i - 2. Let m be g(1). Let q = 23 + m. List the prime factors of q.
37
Let b(x) = -2*x**3 - 16*x**2 - 28*x + 13. Let q(g) = g**3 + 8*g**2 + 14*g - 6. Let d(r) = -3*b(r) - 7*q(r). List the prime factors of d(-8).
5, 23
Suppose 3 = -p + 2*f, f + 7 = -2*p + 16. Suppose 29 = -p*g + 239. List the prime factors of g.
2, 5, 7
Let w = 58 - 55. Suppose 3*j = -4*l + 661, j - w = -8. What are the prime factors of l?
13
Let t = -19 - -23. Let j be ((-10)/8)/((-1)/t). Let b = j - -31. List the prime factors of b.
2, 3
Suppose 0 = -4*c - 7 - 13, q + 35 = 4*c. Suppose 6*a + 10 = a. List the prime factors of (-1330)/q + a/11.
2, 3
Let a be (30/18)/(1/3). Suppose -4*g + 299 = a*t, 0 = -t + 3*g + 2*g + 54. What are the prime factors of t?
59
Suppose 5*w + 1 = 11. Suppose w*z = z - 33. Let o = -15 - z. What are the prime factors of o?
2, 3
Suppose x = -3*j + 4*x + 306, -2*x = -j + 105. Let o = 201 - j. What are the prime factors of o?
2, 3, 17
Let p(n) = -n**2 + 1. Let a be (-8 + 8)/(2 + -3). Let k be p(a). Let v = 5 + k. List the prime factors of v.
2, 3
Let r(g) = g**3 - 6*g**2 + 3*g - 11. Let v be r(6). Suppose 3 - v = -h. Suppose h*j - 8 = 32. What are the prime factors of j?
2, 5
Let m(j) = -j**3 + 2*j**2 + 4*j + 4. Let w be m(-5). Let s(n) = -n**2 + 14*n - 33. Let x be s(11). Suppose 4*b - b - w = x. What are the prime factors of b?
53
Let k be -1 + 4 + 2 - 2. Suppose -k*s + s + 94 = 0. Suppose -4*q + 53 + s = 4*l, 2*l = -q + 24. What are the prime factors of q?
2, 13
Let l(q) = -q**3 - 34*q**2 - 163*q + 4. List the prime factors of l(-30).
2, 647
Suppose -24*a - 46*a = -141120. What are the prime factors of a?
2, 3, 7
Suppose 310 - 1142 = -i. Suppose 9*v - i = 5*v. List the prime factors of v.
2, 13
Suppose 2*x - 6*x - 5*t - 680 = 0, 5*t = 0. List the prime factors of (-12)/(-10)*x/(-4).
3, 17
Suppose -20*p - 8736 = -41*p. List the prime factors of p.
2, 13
Suppose -4*k + 5*s = -48, -4*k = -3*k - 5*s - 12. List the prime factors of (-3)/k - 482/(-8).
2, 3, 5
Let i(x) = -x**3 + 6*x**2 + x - 5. Let k be i(5). Let s = 53 - k. Suppose r = -r + s. What are the prime factors of r?
2, 7
Let j(f) = 2*f**2 - 4*f - 2. Suppose -3*a + 0*a = -18. Let x be ((-4)/a)/(14/(-84)). List the prime factors of j(x).
2, 7
Let j = -30 - -35. What are the prime factors of 249 + j/(-5)*-2?
251
Let x(t) = t**3 + 13*t**2 + 9*t - 14. Let k(a) = -15*a - 9*a + 25*a - 21. Let i be k(9). What are the prime factors of x(i)?
2, 11
Let r = 2695 - 1829. List the prime factors of r.
2, 433
Suppose -f + 2044 + 769 = 0. What are the prime factors of f?
29, 97
Let g(k) = -2*k**3 - k**2 + 1. Let b be g(-2). Let o be 18/(-7) + (-6)/14. Let z = b - o. What are the prime factors of z?
2
Let m(o) be the second derivative of o**4/6 + 5*o**3/3 - 3*o**2/2 + 7*o. List the prime factors of m(-6).
3
Suppose -2290 = -349*o + 344*o. What are the prime factors of o?
2, 229
Let p(c) = -c + 2. Suppose 4*b - 3 = 3*s - 17, 3 = -4*s + b. Let o be p(s). Let w = o - -2. What are the prime factors of w?
2, 3
Let o = 2094 - 1087. List the prime factors of o.
19, 53
Let l = 98 + -95. Suppose l*h = 4*b + 395, 379 = 3*h + 10*b - 6*b. List the prime factors of h.
3, 43
Let n be -3 + -27 + -3 - (-8 - -5). List the prime f